he highest common divisor of q and 21?
7
Let i = -13 + 24. Suppose -2*w + 3*l = -169, 0 = -2*w + 3*w + 3*l - 62. What is the greatest common factor of w and i?
11
Let q = -6 - -7. Let a be (q*-3)/((-4)/12). Calculate the greatest common divisor of 90 and a.
9
Suppose -j = -5*r - 29, 4*r + 3*j = -2*j. Suppose -4*l - 3*w = 50, 3*l + 0*w - w = -31. Let z = r - l. What is the greatest common divisor of z and 24?
6
Let m(s) be the third derivative of 17*s**5/20 - s**4/8 + s**3/3 - 3*s**2. Let z be m(2). Suppose r + z = 6*r. What is the highest common factor of r and 8?
8
Let s(b) = b**3 + 7*b**2 + 5*b - 7. Let j be s(-5). Calculate the highest common divisor of j and 198.
18
Let s be (-1 + 3)/((-4)/(-14)). Let v = -4 + s. Let i be 17/v - 2/3. Calculate the highest common factor of i and 30.
5
Let d(v) = -2*v**3 - 3*v**2 + 5*v + 4. Let g be d(-3). Suppose -2*u + 5*u + 12 = 0, -4*b = 5*u + 4. What is the greatest common factor of g and b?
4
Let d(b) = 2*b**2 + 9*b. Let l = -7 + 1. Let k be d(l). Let w = -4 + k. Calculate the highest common divisor of w and 56.
14
Let k = -151 + 256. What is the greatest common factor of k and 15?
15
Let s = 207 - 151. Calculate the highest common factor of 14 and s.
14
Suppose 147 = 7*v - 63. Suppose -2*j + 10 = p, 0*p + 12 = j - 3*p. Calculate the highest common divisor of v and j.
6
Let i(d) = -4*d + 184. Let x be i(0). Calculate the highest common divisor of 23 and x.
23
Let b = -11 + 20. Suppose b*x - 15 = 4*x. Suppose -x*q + 7*k + 547 = 3*k, 5*k - 25 = 0. Calculate the highest common factor of q and 21.
21
Suppose -1 = 2*g - 9, -9 = 5*r - g. Let f = r - -4. Let n be (-15*1)/(0 - 1). Calculate the greatest common divisor of n and f.
3
Suppose 409 = 10*w + 19. What is the highest common divisor of 65 and w?
13
Suppose -2*m = -3*m + 3. Let r be (12/1)/(3/4). Let j be 1*m*r/6. What is the greatest common divisor of 72 and j?
8
Suppose 0 = -2*j + 1 + 3. Suppose 17 = j*u - 9. What is the greatest common divisor of 13 and u?
13
Suppose 0 = c + 2*c + 261. Let y be 2/(-3)*3 - c. What is the greatest common factor of y and 34?
17
Let z(m) = m**3 - 3*m**2 - 2*m + 4. Let n be z(3). Let w be 10/(-2)*n/5. Suppose -2*y = y - 12. Calculate the highest common divisor of w and y.
2
Suppose 3*g - 36 = 2*r + 33, -4*g + 90 = -2*r. Calculate the highest common divisor of g and 84.
21
Suppose -5*x + 12 = -13. Let k(s) = s**2 - 2*s + 1. Let i be k(x). Let g = i - -2. What is the highest common factor of 6 and g?
6
Let z(l) = -l**2 - 11*l + 8. Let o(y) = 2*y - 3. Let u be o(-4). Let w be z(u). What is the greatest common factor of 88 and w?
8
Let p be 1/((-21)/(-18) - 1). Let i = -2 + p. Suppose 0*z + i*z - 8 = 0. What is the highest common factor of z and 6?
2
Let x = 35 - 19. What is the highest common factor of x and 48?
16
Let u be 87/58*98/3. Calculate the highest common factor of 7 and u.
7
Let o be 1/(-4) - (-228)/16. What is the greatest common divisor of 126 and o?
14
Suppose 2*n = 5*n - 15. Calculate the greatest common factor of n and 55.
5
Let c be (-6)/4*(-136)/6. Let l = c + -18. What is the highest common divisor of 8 and l?
8
Let z(m) = -m**3 + 9*m**2 - 7*m - 10. Let o be z(7). Suppose 3*i = 69 + o. Calculate the highest common divisor of 12 and i.
12
Suppose -5*h = -5*q - 70, -2*h - q + 8 = q. Calculate the highest common factor of 18 and h.
9
Let w be -128*-1*(-1)/(-2). Suppose -3*t + t - i + w = 0, -4 = i. Calculate the greatest common factor of t and 17.
17
Let u = 4 + 13. What is the highest common factor of u and 68?
17
Let p be 14*(-3)/(-6) - -2. Calculate the highest common factor of p and 81.
9
Let f(j) = 4*j**2 - 3*j + 2. Let d be f(2). Calculate the greatest common factor of 3 and d.
3
Let r(x) = x**3 - 3*x**2 - 4*x + 3. Let s be r(4). Suppose 3*h = 5*q - 0*q - 41, 3*q - s*h = 21. Calculate the highest common divisor of 5 and q.
5
Let n = 154 + -127. What is the highest common divisor of n and 18?
9
Suppose 5*b - 2*r - 31 = 0, 0 = 4*b - 3*b + 3*r + 4. What is the highest common factor of 20 and b?
5
Let o(m) = -4*m. Let y be o(2). Let z be ((-21)/4)/(3/y). Suppose 3*g - z = 7. Calculate the highest common factor of g and 7.
7
Suppose o - 2*v - 12 = 4, -4*v - 46 = -3*o. Suppose z - 2*l - o = 2*l, 5 = -5*l. What is the greatest common factor of z and 70?
10
Let y(o) = -o**3 - 4*o**2 + 20*o + 3. Let w be y(-8). Let r = 11 + -2. What is the highest common factor of w and r?
9
Suppose -c - 26 = -35. Calculate the highest common factor of 9 and c.
9
Suppose 27 = -6*q + 99. What is the greatest common divisor of 84 and q?
12
Let p = -6 + 11. What is the highest common divisor of 2 and p?
1
Suppose 3*y - 33 = -v + 2, 3*y = 4*v + 40. Calculate the highest common divisor of y and 132.
12
Let k(j) = -4*j + j - 1 + 2*j. Let d(m) = -12*m - 5. Let z(a) = -d(a) + 2*k(a). Let y be z(3). What is the highest common factor of 3 and y?
3
Let b be ((-120)/(-18))/((-2)/(-6)). What is the greatest common divisor of b and 20?
20
Let c be (2 - -4 - -3) + 1. Let l be ((-96)/c)/(3/(-20)). Suppose -j - 8 = -2*j. Calculate the highest common factor of l and j.
8
Suppose -4*c - 417 = -5*y, -4*y - c + 334 = -4*c. Let s = -34 + y. What is the highest common divisor of s and 34?
17
Let b be (-14)/(-8) + 1/4. Let h = 4 + b. Let k be (-644)/(-12) + 2/h. What is the greatest common factor of k and 36?
18
Let l be (-1 + -1 - -15) + 2. Let r(c) = 90*c. Let v be r(1). Calculate the highest common divisor of l and v.
15
Let k be 1859/88 + (-1)/8. Calculate the highest common factor of k and 21.
21
Suppose -d + 30 = -0. Let s be ((-2)/(-4))/((-1)/(-24)). What is the greatest common factor of s and d?
6
Let i(n) = 4 - 4 + 2*n - 10*n**2 + n**3 + 10. Let q be i(10). Suppose 4*o + 2*s = 32, o - 5 - 17 = -4*s. What is the greatest common divisor of q and o?
6
Suppose u = -4*m + 476, -u + 3*u = -8. Let o be 1 + 15 + (-1)/1. What is the highest common divisor of m and o?
15
Let l = 3 + 27. Suppose 0*y + 60 = 3*b + 5*y, 0 = -5*b - 5*y + 100. What is the greatest common factor of l and b?
10
Let m = -3 - -37. Let i be ((-765)/36)/((-1)/4). What is the highest common divisor of i and m?
17
Let t = 115 + -50. Suppose -2 = b - t. What is the greatest common factor of b and 9?
9
Let y = -1 - -7. Let r be (22/165 - 326/(-30)) + -2. What is the highest common factor of r and y?
3
Let t = -52 - -74. Calculate the highest common factor of t and 22.
22
Suppose 3*w = 3*g - 47 + 11, -2*w - 2 = 0. Suppose 333 = 5*h - 2. Suppose 54 + h = n. Calculate the highest common factor of g and n.
11
Suppose 3*r + 0*r = 6. Suppose -2*h = -0*h + 6, r*t - 2*h = 24. Calculate the greatest common factor of t and 27.
9
Suppose -3*n + 188 = -4*d, -3*n + 0*d = 2*d - 176. Suppose 16*z - 96 = 12*z. What is the greatest common divisor of z and n?
12
Let c = -3 - -6. Suppose 6*r = c*r + 15. What is the greatest common divisor of r and 2?
1
Let g = -66 - -264. What is the greatest common factor of 18 and g?
18
Let v = 154 + -138. What is the highest common divisor of 40 and v?
8
Suppose -4*r - 57 = 47. Let d = r - -38. Let m be 6/(-21) - 1180/(-14). What is the highest common divisor of m and d?
12
Let s be (0 + 0)/((-4)/(-2)). Suppose -6*b + 10*b - 220 = s. Calculate the greatest common divisor of 11 and b.
11
Suppose 5*k = -0 + 5. Let m be (k - -5) + 4 + -3. Calculate the highest common factor of 49 and m.
7
Suppose -4*y - 20 = 3*d - 2*d, 2*y + 10 = 3*d. Let m(p) = p**2 + 4*p + 9. Let w be m(y). What is the greatest common factor of w and 14?
14
Let t(o) = -o**3 - 12*o**2 - 2*o - 22. Let a be t(-12). Calculate the highest common divisor of a and 18.
2
Suppose 4*o + 0*o = 20. Calculate the greatest common factor of o and 5.
5
Suppose 0 = 5*o, l - 7*o - 5 = -3*o. Calculate the highest common divisor of l and 2.
1
Let r = 81 - 59. What is the greatest common divisor of r and 154?
22
Let l = -2 + 18. What is the greatest common divisor of 160 and l?
16
Let k be (-2)/2 - (0 - 4). Suppose -n - 26 = -k*n. Calculate the highest common factor of 104 and n.
13
Let t = 8 - 0. Suppose 134 + 154 = 4*b. Calculate the greatest common factor of t and b.
8
Let k(v) = -3*v. Let o be k(-8). Let z = 48 - o. What is the highest common factor of 120 and z?
24
Suppose 4*i - 8*i + 43 = 5*x, -i = -5*x + 8. Supp